Let u(g) = 2*k(g) - 11*m(g). Calculate u(3).
0
Let k(m) = 0*m**2 - 3*m**2 - 2*m**2 + 1 - 2*m. Suppose w = 4*w + i + 19, -2*i - 18 = 2*w. Let r = w - -6. Give k(r).
-6
Let x(k) = -3*k**2 + 2*k - 1. Let t be (2 - -1)*(0 + 1). Suppose 24 = -t*g + 30. Give x(g).
-9
Let n(w) = -w - 6. Let p(k) = -2*k - 44. Let l be p(-18). Let a be 50/l - (-1)/4. Give n(a).
0
Let g(y) = -y + 1. Let u = 16 - 14. Let w(q) = -q + 6. Let i(r) = u*g(r) - w(r). What is i(0)?
-4
Let n(s) = s**3 + s**2 - 6*s + 3. Let g(p) = p**3 - 5*p + 2. Let z(l) = 4*g(l) - 3*n(l). Suppose t + 12 = -2*t. Let f be (3/4)/(t/(-16)). Calculate z(f).
-7
Let o(x) = x**3 - 11*x**2 + 11*x - 9. Let v be o(10). Let z(j) = 2*j - 12. Let t(f) = 1. Let d(u) = v*z(u) + 8*t(u). Let a be (39/182 + 2/7)*12. Determine d(a).
8
Let k(y) = y**2 + 8*y + 4. Let j = -13 - -15. Suppose -2*f - 6 = j. Calculate k(f).
-12
Let z(a) = 2*a + 7. Let j(o) = -o - 18. Let p be (9/6)/((-3)/(-60)). Suppose -2*f = d + p, -1 + 5 = -d. Let w be j(f). Calculate z(w).
-3
Suppose 4*n - 7*n + 3 = 0. Let c(k) = k**2 - 3 + 2*k + 4*k + n + 0. Give c(-6).
-2
Let o(k) = k**2 + 6*k + 7. Suppose -3255*f + 63 = -3264*f. Give o(f).
14
Let p(x) = x**2 + 6*x - 8. Suppose 0 = 4*t + 3*u + 6, 8 = -3*u + 2. Let z(c) = c**3 - c**2 + 2*c - 7. Let q be z(t). What is p(q)?
-1
Let u(r) be the first derivative of -2*r**2 - 32*r + 152. Determine u(-8).
0
Suppose 0 = -2*d - 2*d + 4, -2*o = 4*d - 18. Let i(g) = -5*g - 12 + o + 4*g. Determine i(0).
-5
Let m(i) = -i**2 + 5*i + 1. Let s = 54 + -50. Let u be 2 - (-2 + -1 + s/2). Calculate m(u).
7
Suppose -2*g + 6 = 2*g - 2*t, -21 = g + 4*t. Let c(u) = u. Let s(d) = -1. Let n(w) = g*s(w) - c(w). Give n(0).
1
Let h(z) = -z - 5. Let c = 12 + -1. Let u = c + -6. Suppose -14 = -u*p + 6. Determine h(p).
-9
Let v be 35/(-70) - 1/2*-5. Let d(y) = -y**3 + y**2 + 4*y - 3. Determine d(v).
1
Let b(p) = -3*p**2 - 1. Let h(j) = -j**2 - j. Let z(x) = -b(x) - 2*h(x). Suppose 7 = -7*g - 0. Give z(g).
4
Let r(n) = 2*n**2 + 30*n + 96. Let q be r(-4). Let s(p) = p**2 - 6*p - 10. Determine s(q).
6
Let y(r) = 2 - 4 + 2*r - 3 + 5 - 5. Give y(3).
1
Let r(t) be the second derivative of 1/6*t**3 + 1/3*t**4 - 2*t**2 - t - 1/20*t**5 + 0. Let j(p) = -3*p**3 + 45*p**2 - p + 19. Let v be j(15). Calculate r(v).
0
Let q(u) = u**3 + 5*u**2 + 5*u - 4. Let a(w) = w**2 - 1. Let t(s) = a(s) + q(s). Calculate t(-5).
-5
Let u(o) = -o**2 + o + 2. Suppose -85 + 217 = -44*r. Calculate u(r).
-10
Suppose -4*c + 2 = -4*m - 2*c, 0 = -3*c + 3. Suppose 0 = n - 4 - m. Let k(i) = -4*i - 7*i**2 - 6*i - 2 - i**3 + n*i - 6. What is k(-6)?
-8
Let b(l) be the third derivative of -1/120*l**6 - 4*l**2 + 0*l - 1/6*l**4 + 4/3*l**3 - 7/60*l**5 + 0. Let o be b(-6). Let t(w) = 3*w - 2. Determine t(o).
-14
Let k(w) = 11432*w**2 + 5 - w**3 - 24*w - 5717*w**2 - 5729*w**2. Give k(-12).
5
Let l(v) = -3*v - v**3 + 2*v + 0*v - 9*v - 13 - 10*v**2. Let z(g) = 13*g - 113. Let p be z(8). Determine l(p).
-4
Let t(b) = -16*b**2 + 7*b + 25. Let l(x) = 9*x**2 - 3*x - 12. Let h(z) = 7*l(z) + 4*t(z). Determine h(8).
8
Let h be (13/(182/(-48)))/((-1)/7). Let z = h - 25. Let c(n) = 12*n**3 + n**2 + n + 1. Calculate c(z).
-11
Suppose -7*i + 16 = -5. Suppose -6 = -i*d - 0*d. Let w(r) = -10*r + 9*r - 3*r**3 + d*r**3 - 6 - 6*r**2. Calculate w(-6).
0
Let j(w) = w**2 - 2*w + 15. Let m be j(0). Let n = -15 + m. Let r(t) be the second derivative of -t**4/12 + 9*t**2/2 + 3*t. Determine r(n).
9
Let h(q) = q + 19. Suppose -v - 3*c - 7 = -5*c, -4*v + 5*c - 37 = 0. Determine h(v).
6
Let h be (-26 + 6)*(-8)/(-20). Let l(k) be the second derivative of k**4/12 + 4*k**3/3 - 2*k**2 - k. Determine l(h).
-4
Let n be 3/6*-2 - -3. Suppose -v - n*c - 9 = c, -2*v = -3*c - 9. Let m(f) = -7 - 1 - 3*f + v*f + 2. Calculate m(-4).
6
Let x(m) = -5*m**2 - 5*m. Let g(j) = 12*j**2 + 8*j. Let f(p) = -2*g(p) - 5*x(p). What is f(-12)?
36
Let s(a) = 5*a**3 + 5*a**2 - 3*a + 25. Let g(n) = 9*n**3 + 10*n**2 - 6*n + 47. Let k(j) = 6*g(j) - 11*s(j). Suppose 0*o = -o + 5. Calculate k(o).
-8
Suppose 0*g + g + 24 = 5*k, k - 6 = -g. Suppose 0 = 6*p + 5*p. Let t(o) = 5 - 2*o + p - 8 + o. Determine t(k).
-8
Let j = 19 - 15. Suppose 89 = 5*f + t, t - 79 = -j*f - 8. Let d be f/(-6) + (-4)/(-1). Let g(c) = 2*c**2 + 2*c - 1. Give g(d).
3
Suppose -13*l = -23*l. Let s(i) = i + 5. Calculate s(l).
5
Suppose -t = -3*b + 10, t = -0*t - 4. Suppose -b*f - 3*f + 80 = 0. Let m(v) = -v**2 - f*v + 15*v + 2 - v**2. Determine m(2).
-8
Suppose -20*f = -15*f. Let u(a) = -a**2 + a - 9. Give u(f).
-9
Let x(g) = 11*g**3 + 15*g**2 + 15*g + 8. Let n(o) = 36*o**2 - 43*o**2 - 4 - 9*o**3 + 4*o**3 - 7*o. Let t(v) = -9*n(v) - 4*x(v). Determine t(-3).
-5
Let r(b) = 2*b**3 - 2*b**2 + 2*b - 1. Suppose 0 = -8*o - 15*o + 46. Determine r(o).
11
Suppose -5*b = -2*v - 19, 4*v + v = 3*b. Suppose 5*k + 3 = -v*r - 2, 0 = -2*r + 4*k - 18. Let t(h) = h + 10. Determine t(r).
5
Let d(i) = i + 58. Let v(a) = -9. Let c(w) = -d(w) - 6*v(w). Give c(-2).
-2
Let x(y) = -2*y**3 - 6*y**2 - y - 8. Let l(q) = -3*q**3 - 7*q**2 - q - 10. Let o(f) = -3*l(f) + 4*x(f). What is o(3)?
-5
Let f(s) = s**3 - 4*s**2 + 2*s + 1. Let h be (-32)/112 + 46/14 + 0. Calculate f(h).
-2
Let d(p) = -7*p**2 + 46*p - 33. Let g(w) = 3*w**2 - 22*w + 16. Let r(h) = -2*d(h) - 5*g(h). Calculate r(17).
3
Let r(j) = -j + 9. Suppose 31 + 2 = -3*z. Let w = 17 + z. Calculate r(w).
3
Let d(s) = 15*s - 29. Let f be d(2). Let c(q) = 5*q**2. What is c(f)?
5
Let i(c) = 8*c**3 - 2*c**2 - 9*c**3 - c - c**2 - 13 - 8*c**2. Let d(r) = r**3 + 10*r**2 - 8*r + 22. Let n be d(-11). What is i(n)?
-2
Let m(i) = -i**3 + 10*i**2 - 9*i - 7. Suppose -5*r + 25 = 0, 5*x + 7 = -2*r + 47. Let d be x + (-6)/(-3) + 1. Calculate m(d).
-7
Let p(k) = k**2 + 9*k + 6. Let r(h) = h**2 - 3*h - 10. Let y be r(7). Suppose 2*q - 2*o = -y, 3*o + 16 = 7*o. Determine p(q).
-14
Let y be (-6 + -4)*(-9)/(-9). Let w(b) = b + 7. What is w(y)?
-3
Let f(v) = v**3 + 4*v**2 + 7. Let d be f(-4). Let c(t) = -2*t - 20. Let x(z) = z + 10. Let m(r) = d*x(r) + 4*c(r). Determine m(-8).
-2
Let k(u) be the second derivative of -u**3 + 3*u**2/2 - 19*u. What is k(3)?
-15
Let o(r) = -2*r**2. Let m(i) be the second derivative of 0 - 10*i + 1/6*i**4 + 0*i**3 - 1/2*i**2. Let q be m(1). Determine o(q).
-2
Let w(y) = -2*y - 9. Suppose 84*g = 82*g + 12. Let z(f) = -f. Let p(m) = g*z(m) - 2*w(m). Give p(12).
-6
Let m(t) = 3 - 1 - 9*t - 1815*t**2 + 1805*t**2 - t**3. Determine m(-9).
2
Let t = 14 + -4. Suppose 3*k = d + 32, 3*d - d = 2*k - 64. Let u be d/20 - 4/t. Let p(i) = 3*i**3 + 2*i**2 - 1. Calculate p(u).
-17
Let o(y) be the first derivative of y**5/60 - y**4/24 - 11*y**3/6 - 13*y**2/2 - 9. Let m(s) be the second derivative of o(s). Determine m(0).
-11
Let r(g) = 2*g**2 + 4*g + 2. Suppose -4*n - 2*h + 24 = 0, -5*n - 3*h = -115 + 83. Give r(n).
50
Suppose 8*j = 5*j + 132. Let b = j + -41. Let w(r) = -3*r**2 + 3*r + 3. What is w(b)?
-15
Let b(u) = -4*u**2 - 11*u + 3. Let p(f) = 3*f**2 + 12*f - 4. Let v(k) = 4*b(k) + 5*p(k). Calculate v(15).
7
Let s be (12/5)/(1/5). Suppose 4*m - s = u, -6*m = -5*u - 2*m - 12. Let p(k) = k + 5. Calculate p(u).
5
Let f(k) = 5*k. Let l be -1 + -11 + (1 - 2). Let g be l/52 - 6/8. Calculate f(g).
-5
Suppose 3*q = -2*i + q - 16, 3*q + 15 = 0. Let y be 18/10*(-5)/i. Let v(u) be the third derivative of u**6/120 - u**5/30 - u**4/24 - u**2. Calculate v(y).
6
Let o(z) = 2*z - 45. Let n(k) = -k + 18. Let h(v) = -5*n(v) - 2*o(v). Let a be (-10)/14 + 8/(-28). Give h(a).
-1
Let g(a) = -14*a**2 - 4*a - 1. Suppose 3*s + 2*s = -20. Let v(i) = -i**2 - i. Let p(t) = s*v(t) + g(t). Suppose -14*j = -14*j - 38*j - 38. Determine p(j).
-11
Let z be (-2 + 2)*(1 - 2)*1. Let x(p) = p + 11. Determine x(z).
11
Let i(x) = 11*x**2 + 22*x + 44. Let c(z) = 4*z**2 + 8*z + 15. Let m(j) = 8*c(j) - 3*i(j). Give m(-5).
-27
Let b be -5*(-2)/(-10)*-4. Suppose -3*i + 23 = -b*i - 5*p, 0 = -5*i - 2*p. Let z(u) = u**2 + 7*u - i - 1 - 14*u + 5*u. Calculate z(-2).
5
Let k(d) = -d**2 + 12*d + 50. Suppose 2*w + 4*a - 42 = 0, -10 = -2*a - 4. Give k(w).
5
Let s(n) = 6*n + 53. Suppose -62 + 134 = -8*o. Calculate s(o).
-1
Let l = 9 - 4. Let t(z) = 264*z**2 + z - 6 - z**3 - 513*z**2 + 254*z**2. What is t(l)?
-1
Suppose o - 3*h - 34 = 0, -18 = -3*o - 5*h + 84. Suppose i = 6*i + 3*r - 15, 2*i - 4*r - 32